{"id":220,"date":"2020-04-02T17:55:01","date_gmt":"2020-04-02T15:55:01","guid":{"rendered":"http:\/\/port-heraclea.fr\/?page_id=220"},"modified":"2022-09-28T15:25:13","modified_gmt":"2022-09-28T13:25:13","slug":"mentions-legales","status":"publish","type":"page","link":"https:\/\/port-heraclea.fr\/index.php\/mentions-legales\/","title":{"rendered":"Mentions l\u00e9gales"},"content":{"rendered":"<div style='padding-bottom:10px; ' class='av-special-heading av-special-heading-h3    avia-builder-el-0  el_before_av_textblock  avia-builder-el-first   '><h3 class='av-special-heading-tag '  itemprop=\"headline\"  >Mentions l\u00e9gales<\/h3><div class='special-heading-border'><div class='special-heading-inner-border' ><\/div><\/div><\/div>\n<section class=\"av_textblock_section \"  itemscope=\"itemscope\" itemtype=\"https:\/\/schema.org\/CreativeWork\" ><div class='avia_textblock  '   itemprop=\"text\" ><p><span style=\"font-size: 12pt; font-family: helvetica, arial, sans-serif;\">Le site web www.port-heraclea.fr est \u00e9dit\u00e9 par\u00a0:<\/span><\/p>\n<p><span style=\"font-size: 12pt; font-family: helvetica, arial, sans-serif;\">SPL Port Heraclea<br \/>\n<\/span><\/p>\n<p><span style=\"font-family: helvetica, arial, sans-serif; font-size: 12pt;\">\u00a059 Rue de la digue \u2013 83240 Cavalaire-sur-Mer<\/span><\/p>\n<p><span style=\"font-size: 12pt; font-family: helvetica, arial, sans-serif;\">T\u00e9l : 04 94 64 17 81<\/span><\/p>\n<p><span style=\"font-size: 12pt; font-family: helvetica, arial, sans-serif;\">Mail : <a href=\"mailto:contact@port-heraclea.fr\">contact@port-heraclea.fr<\/a><\/span><\/p>\n<p><span style=\"font-size: 12pt; font-family: helvetica, arial, sans-serif;\">Webmasters : Jacques Maraldo &amp; Cyril Grimal<\/span><\/p>\n<p><span style=\"font-family: helvetica, arial, sans-serif;\">Politique g\u00e9n\u00e9rale sur la protection des donn\u00e9es personnelles disponible en cliquant ici :<a href=\"http:\/\/port-heraclea.fr\/index.php\/rgpd\/\"> RGPD<\/a><\/span><\/p>\n<\/div><\/section>\n<div style='padding-bottom:10px; ' class='av-special-heading av-special-heading-h3    avia-builder-el-2  el_after_av_textblock  el_before_av_textblock   '><h3 class='av-special-heading-tag '  itemprop=\"headline\"  >Mention de droits r\u00e9serv\u00e9s<\/h3><div class='special-heading-border'><div class='special-heading-inner-border' ><\/div><\/div><\/div>\n<section class=\"av_textblock_section \"  itemscope=\"itemscope\" itemtype=\"https:\/\/schema.org\/CreativeWork\" ><div class='avia_textblock  '   itemprop=\"text\" ><p>Conform\u00e9ment \u00e0 la Loi \u00ab\u00a0Informatique et Libert\u00e9s\u00a0\u00bb n\u00ba 78-17 du 6 janvier 1978, les informations vous concernant sont destin\u00e9es au site de la SPL Port Heraclea, responsable du traitement. Vous disposez d&rsquo;un droit d&rsquo;acc\u00e8s, de rectification et de suppression des donn\u00e9es qui vous concernent. Vous pouvez l&rsquo;exercer en adressant un e-mail \u00e0 l&rsquo;adresse \u00e9lectronique suivante : <a href=\"mailto:contact@port-heraclea.fr\">contact@port-heraclea.fr<\/a><\/p>\n<p>En poursuivant votre visite de notre site vous acceptez de respecter les restrictions de cette page.<\/p>\n<p>Aucune reproduction, m\u00eame partielle, autres que celles pr\u00e9vues \u00e0 l&rsquo;article <strong>L 122-5<\/strong> du code de la propri\u00e9t\u00e9 intellectuelle, ne peut \u00eatre faite pour d&rsquo;autres utilisations.<\/p>\n<p>Droits de reproduction et de diffusion r\u00e9serv\u00e9s \u00a9 port-heraclea.fr<\/p>\n<\/div><\/section>\n<div style='padding-bottom:10px; ' class='av-special-heading av-special-heading-h3    avia-builder-el-4  el_after_av_textblock  el_before_av_textblock   '><h3 class='av-special-heading-tag '  itemprop=\"headline\"  >Visuels<\/h3><div class='special-heading-border'><div class='special-heading-inner-border' ><\/div><\/div><\/div>\n<section class=\"av_textblock_section \"  itemscope=\"itemscope\" itemtype=\"https:\/\/schema.org\/CreativeWork\" ><div class='avia_textblock  '   itemprop=\"text\" ><p>L\u2019ensemble des \u00a0photos publi\u00e9es sur le site internet de la SPL Port Heraclea appartiennent \u00e0 leurs auteurs respectifs. Elles sont destin\u00e9es \u00e0 un usage strictement personnel et ne peuvent en aucun cas \u00eatre diffus\u00e9es ou reproduites, ni sur Internet, si sur supports imprim\u00e9s ou num\u00e9riques.<\/p>\n<\/div><\/section>\n<div style='padding-bottom:10px; ' class='av-special-heading av-special-heading-h3    avia-builder-el-6  el_after_av_textblock  el_before_av_textblock   '><h3 class='av-special-heading-tag '  itemprop=\"headline\"  >H\u00e9bergeur des services<\/h3><div class='special-heading-border'><div class='special-heading-inner-border' ><\/div><\/div><\/div>\n<section class=\"av_textblock_section \"  itemscope=\"itemscope\" itemtype=\"https:\/\/schema.org\/CreativeWork\" ><div class='avia_textblock  '   itemprop=\"text\" ><p>H\u00e9bergeur des services<\/p>\n<p>Commune de Cavalaire \/ OVH<\/p>\n<\/div><\/section>\n<div style='padding-bottom:10px; ' class='av-special-heading av-special-heading-h3    avia-builder-el-8  el_after_av_textblock  el_before_av_textblock   '><h3 class='av-special-heading-tag '  itemprop=\"headline\"  >Cr\u00e9dits<\/h3><div class='special-heading-border'><div class='special-heading-inner-border' ><\/div><\/div><\/div>\n<section class=\"av_textblock_section \"  itemscope=\"itemscope\" itemtype=\"https:\/\/schema.org\/CreativeWork\" ><div class='avia_textblock  '   itemprop=\"text\" ><p>Cr\u00e9dits \/ R\u00e9alisation du site Internet : J. Maraldo &amp; C. Grimal<br \/>\nCr\u00e9ation graphique \/ J. Maraldo<br \/>\nCr\u00e9dits photos&amp;Vid\u00e9o \/ J. Maraldo &#8211; B. Scotto &#8211; TackSoon &#8211; NauticSpot &#8211; A. Villette &#8211; C. Grimal<\/p>\n<p>&#8230;.<\/p>\n<\/div><\/section>\n<section class=\"av_textblock_section \"  itemscope=\"itemscope\" itemtype=\"https:\/\/schema.org\/CreativeWork\" ><div class='avia_textblock  '   itemprop=\"text\" ><p><span class=\"attribution_field hide-sm vertical\"> Image par <a href=\"https:\/\/pixabay.com\/fr\/users\/OpenClipart-Vectors-30363\/?utm_source=link-attribution&amp;utm_medium=referral&amp;utm_campaign=image&amp;utm_content=146472\">OpenClipart-Vectors<\/a> de <a href=\"https:\/\/pixabay.com\/fr\/?utm_source=link-attribution&amp;utm_medium=referral&amp;utm_campaign=image&amp;utm_content=146472\">Pixabay<\/a><\/span><\/p>\n<\/div><\/section>\n","protected":false},"excerpt":{"rendered":"","protected":false},"author":2,"featured_media":0,"parent":0,"menu_order":0,"comment_status":"closed","ping_status":"closed","template":"","meta":{"_exactmetrics_skip_tracking":false,"_exactmetrics_sitenote_active":false,"_exactmetrics_sitenote_note":"","_exactmetrics_sitenote_category":0,"footnotes":""},"class_list":["post-220","page","type-page","status-publish","hentry"],"_links":{"self":[{"href":"https:\/\/port-heraclea.fr\/index.php\/wp-json\/wp\/v2\/pages\/220","targetHints":{"allow":["GET"]}}],"collection":[{"href":"https:\/\/port-heraclea.fr\/index.php\/wp-json\/wp\/v2\/pages"}],"about":[{"href":"https:\/\/port-heraclea.fr\/index.php\/wp-json\/wp\/v2\/types\/page"}],"author":[{"embeddable":true,"href":"https:\/\/port-heraclea.fr\/index.php\/wp-json\/wp\/v2\/users\/2"}],"replies":[{"embeddable":true,"href":"https:\/\/port-heraclea.fr\/index.php\/wp-json\/wp\/v2\/comments?post=220"}],"version-history":[{"count":8,"href":"https:\/\/port-heraclea.fr\/index.php\/wp-json\/wp\/v2\/pages\/220\/revisions"}],"predecessor-version":[{"id":3063,"href":"https:\/\/port-heraclea.fr\/index.php\/wp-json\/wp\/v2\/pages\/220\/revisions\/3063"}],"wp:attachment":[{"href":"https:\/\/port-heraclea.fr\/index.php\/wp-json\/wp\/v2\/media?parent=220"}],"curies":[{"name":"wp","href":"https:\/\/api.w.org\/{rel}","templated":true}]}}